 6*r + 8*r - 2*r. Calculate m(g).
6
Let j(n) = -n**2 + 5*n + 4. Suppose 6*w - 8*w - 5*y = 530, 0 = 4*y. Let i = w - -272. What is j(i)?
-10
Let b(o) = o**2 + 7*o - 6. Let u be b(-8). Let x(r) = 10*r**2 + 0*r**2 - 5*r - 16 + 6 - u*r - 8*r**2. Calculate x(6).
20
Let m(c) = c**3 + 99*c**2 - 32. Let z be m(-99). Let x(n) = -n**2 - 29*n + 108. Calculate x(z).
12
Suppose 4*g + 32 = 0, 4*g = -3*v + 391 - 417. Let a(y) be the third derivative of 24*y**v + 1/3*y**3 + 1/60*y**5 + 7/24*y**4 + 0 + 0*y. Give a(-3).
-10
Suppose 2*f - 10*s = -11*s - 11, -2*f + 5*s + 7 = 0. Let t be ((0 - f)/(-4) - -3) + 4. Let g(x) = x**3 - 6*x**2 + 6. Give g(t).
6
Let i(y) = y**3 + y**2 - 6*y + 5. Let d = 16222 + -16220. What is i(d)?
5
Let s(p) = 7*p + 1. Let l(o) = -4*o - 1. Let d(n) = -11*l(n) - 6*s(n). Suppose 0 = 4*q - 5*k - 156, -2*q = -4*k - 61 - 17. Let y = 34 - q. Calculate d(y).
-5
Suppose 5*y - x - 87 = 0, 8*x = -3*y + 6*x + 47. Let n(h) = h**2 - 15*h - 30. Give n(y).
4
Let c(g) be the second derivative of g**4/12 + 13*g**3/6 + 29*g**2/2 + 2247*g. Calculate c(-10).
-1
Let n = -313 - -227. Let g = n - -79. Let h(o) = 2*o + 15. Determine h(g).
1
Let x be ((-24)/60)/((-4)/50) + -5. Suppose -24*i + 22*i + 28 = 2*h, -i - 3*h + 18 = x. Let s(f) = f**2 - 11*f + 7. Determine s(i).
19
Let d(m) be the third derivative of -m**4/4 + 11*m**3/3 + 6*m**2 + 5*m. Let l(b) = -2*b + 9. Let u(h) = -5*d(h) + 12*l(h). Give u(-1).
-8
Let a(p) = -p**2 + 25*p - 73. Let u be a(22). Let k(r) = 9*r**2 + 7*r + 10. Let i(d) = -5*d**2 - 3*d - 4. Let b(y) = u*i(y) - 4*k(y). Calculate b(-6).
-6
Let s(w) be the first derivative of -w**4/4 + 8*w**3/3 - 7*w**2/2 + 44*w + 332. Calculate s(8).
-12
Let p(f) be the first derivative of -f**4/4 - 5*f**3 + 17*f**2 + 9*f + 208. Let s be p(-17). Let m(c) = -4*c + 39. Give m(s).
3
Let c(d) = -12*d**3 - 18*d**2 - 19*d - 35. Let i(u) = 7*u**3 + 9*u**2 + 9*u + 21. Let h(a) = 3*c(a) + 5*i(a). Calculate h(-8).
32
Let c(a) be the third derivative of -a**5/60 + a**4/8 + 5*a**3/6 - a**2. Suppose -49*q + 420 = -7*q. Suppose d = -f + q, 2*f - 4*f - 10 = -4*d. What is c(f)?
-5
Suppose -2*a + 10 = -4*c, 3*a + 7 - 22 = c. Let r = -333 + 337. Let z be r/(-1) + (c - -10). Let t(j) = j**3 - 7*j**2 + 7*j + 1. Give t(z).
7
Let s(k) = 16*k**2 + k + 1. Let c(z) = -77*z + 2232. Let g be c(29). Give s(g).
16
Let b(u) = 2*u**3 - 9*u**2 + 4*u + 12. Let p be b(8). Let g = 485 - p. Let v(t) = t**2 + 7*t - 9. Give v(g).
-9
Let d(n) = 2*n**2 - 24*n + 21. Let f be d(13). Let u = 55 - f. Let q(a) = -a**2 + 7*a + 2. Give q(u).
-6
Let q(d) = -8 - 850*d + 422*d + 421*d. Let n(k) = -29*k - 36. Let g(p) = 2*n(p) - 9*q(p). Calculate g(1).
5
Let u(c) be the third derivative of c**6/120 + c**5/30 + c**4/24 + 1358*c**2 + c. Determine u(0).
0
Let m(l) = -3*l - 1. Let p be 22*(-3 - (-9)/2). Suppose 340 = -66*v + 56*v. Let d = p + v. Give m(d).
2
Let t(k) = 7*k**2 - 41*k - 8. Suppose 0*y + 0*y - 36 = -6*y. Calculate t(y).
-2
Suppose -b = -5*g + 6, 1264*g - 1266*g - 2*b + 12 = 0. Let k(y) = -y**2 - 19*y**3 + 2*y + 18*y**3 - 3 + 0*y**2 + 2*y. Calculate k(g).
-7
Let a be (-19)/7 + (-6)/21. Let v = 3 + a. Let k(b) = -2*b**3 + 7*b**2 + 2*b + 9. Let r(y) = -y**3 + 2*y**2 + y + 4. Let o(u) = -k(u) + 3*r(u). Determine o(v).
3
Suppose -t - 4 = -1, 4*r - 17 = 3*t. Let d(a) = -2 - 33*a + 35*a + a**3 - 6*a**r + a**2. Let k be 40/16*4/2. Determine d(k).
8
Suppose 0*p - 5*p + 482 = -2*t, -2*p - t + 191 = 0. Suppose -20*y + p = -12*y. Let j(v) = v**2 - 13*v + 6. What is j(y)?
-6
Suppose 5*p + 6 = 2*v - 1, -p - 23 = 2*v. Let a be 20/(-1)*((-162)/(-12))/v. Let t = 24 - a. Let c(y) = -y**3 - 7*y**2 - 4*y + 7. Calculate c(t).
-5
Suppose 22 = c - 5*l, -3*c - 5*l - 11 - 3 = 0. Let s(m) = 2*m + 4*m - 7*m + 12*m**2 + 5*m**2 + 4*m**c. Give s(-1).
22
Let q(i) = 238*i + 3 + 271*i - 7 + 14 - 508*i. What is q(-19)?
-9
Let n(f) be the second derivative of -f**5/20 - 5*f**4/3 - f**3/6 - 13*f**2 - 789*f + 1. Give n(-20).
-6
Suppose 0 = 5*t + 23 + 2, d - t = 7. Let v(s) = s**2 + 2*s - 3 + 1 + 0*s**d. Suppose -2*l - 65 = -2*j - 69, l + 4*j = -18. Determine v(l).
-2
Suppose 12 = c - 4*c. Let s = -39 - -105. Let q(l) = 66 - s - 3*l + l. Calculate q(c).
8
Let r(c) be the first derivative of -c**5/20 - 7*c**4/12 + 3*c**3/2 + 2*c**2 + 34*c - 67. Let d(a) be the first derivative of r(a). Give d(-8).
-4
Let p = -16125 + 16131. Let x(y) = 32*y - 186. Calculate x(p).
6
Let r(x) = -x**2 + 0*x**2 + x - 2 + 0*x**2. Suppose p + 9 = 5*b, -2*p + 78 = 3*b + 57. Give r(b).
-8
Let r = 126 + -477. Let z = r + 366. Let k(w) = -w**3 + 16*w**2 - 15*w - 2. Determine k(z).
-2
Let k = -12129 + 12126. Let d(i) = 28*i + 11. Determine d(k).
-73
Let y(u) be the third derivative of -u**5/60 - u**4/6 - u**3/3 + u**2. Let s(p) = p**3 - 5*p**2 - 6*p - 4. Let m be s(6). What is y(m)?
-2
Let t(u) = -3 - u + 12 - 7*u - 11056*u**2 + 45*u + 2*u**3 + 11083*u**2. Give t(-12).
-3
Let u(w) = -67*w**2 + 3*w + 2. Let v(j) = 11*j**2 + j - 3. Let d(g) = -u(g) - 6*v(g). Let h be 12/(-16) + (-62)/(-8). Calculate d(h).
2
Let g(o) = 3*o**2 - 10*o + 4. Let w(u) = 4*u**2 - 9*u + 5. Let q(a) = -5*g(a) + 4*w(a). Let t(j) = -j**3 + 19*j**2 - 47*j - 30. Let p be t(16). Give q(p).
0
Let d be 3*(-6)/(-9) + -7. Let u be ((-12)/15)/(2/d). Let g(b) = -105*b**3 - 2*b**2 - 2 + 4*b + 49*b**3 + 55*b**3. Give g(u).
-10
Suppose -4*l = -3*f + 87, 127 - 124 = 3*f. Let w(o) = o**3 + 23*o**2 + 43*o + 22. Determine w(l).
1
Let n(d) = -d**2 - 2*d - 10. Let k(f) = f**2 - 84*f - 90. Let l be k(85). What is n(l)?
-25
Let q be ((-99)/(-15) - 7)/(2/(-10)). Let v be (-4 - -2) + q/(-4)*-4. Let x(w) = 5*w**3 - 5*w**3 + 6 + w**2 + w + w**3. Calculate x(v).
6
Let z(f) be the first derivative of -f**6/180 - f**5/40 + f**4/12 - f**3/3 + 23*f**2/2 + 57. Let x(y) be the third derivative of z(y). Calculate x(-3).
-7
Suppose 0 = -2*n - 0*n - 3*t - 11, -n = -5*t - 27. Let b(d) = -24 + 13*d**3 + 4*d**n + 2*d + 20 - 12*d**3. Let l be -3 - (-2 + 2 + 0). Calculate b(l).
-1
Let f(j) = j**3 - 11*j**2 + 18*j + 7. Let i be (10/(-35) - (-3645)/1071) + 4/(-34). Determine f(i).
-11
Let j = -5248 - -5251. Let w(r) = -4*r + 4 + 5*r**2 + 0*r**2 - r**3 + r**2. Calculate w(j).
19
Let d(q) = -34*q**2 - 51*q - 225 + 68 + 36*q + 35*q**2. Calculate d(-7).
-3
Let a(t) = -t**3. Let x = -127 + 135. Suppose 0 = 6*d - 2*d - x. Suppose -2*c + c = -d*s + 3, c = 5*s - 12. Determine a(s).
-27
Let p be (-2 - 11) + 0 - (201 + -216). Let c(l) = -4*l**3 + l**2 - 7*l + 3. Give c(p).
-39
Let g(i) be the first derivative of i**5/120 - i**4/12 - 113*i**3/3 + 234. Let n(x) be the third derivative of g(x). Give n(12).
10
Let x(t) = -19*t**2 + 106*t - 102. Let r(d) = 9*d**2 - 52*d + 44. Let f(q) = 9*r(q) + 4*x(q). What is f(9)?
-3
Let f(n) = 17*n**3 + 75*n**2 - 106*n - 107. Let x(y) = -13*y**3 - 56*y**2 + 83*y + 80. Let r(c) = -10*f(c) - 13*x(c). Determine r(-21).
-12
Let f(n) = -n**2 - 10*n - 1. Let y = 280 + -254. Suppose -y*x + 93 = 379. What is f(x)?
-12
Let y(i) = -i**2 - i + 7. Let q(b) = b - 12. Let u be q(16). Suppose u*f - 11 + 43 = 0. Determine y(f).
-49
Let l be 6/(-10) - 99/(-15). Let i be l/15 + (-54)/10. Let w(s) = -33*s + 249. Let u(x) = -3*x + 24. Let j(k) = 21*u(k) - 2*w(k). Give j(i).
-9
Let s(d) = -72*d - 103. Let x(z) = 108*z + 206. Let n(h) = -5*s(h) - 3*x(h). Calculate n(3).
5
Let d(t) = 6 + 4*t + t**2 + 7 - 5. Suppose -k = -3*u - 26, -2*u + 8*k + 78 - 154 = 0. Determine d(u).
20
Let o(p) = -2*p. Suppose -3*f + 151 = b - 3*b, 0 = -3*b - 3*f - 189. Let z = b + 72. Suppose 26 = z*k + 34. Give o(k).
4
Let v(u) = -2*u**3 + 3*u**2 + 2*u - 2. Let t = -11621 - -11618. Determine v(t).
73
Let q(v) = 15*v - 73. Let r be -3 + 4*2/(-10)*-10. What is q(r)?
2
Let v(z) be the first derivative of -z**3/3 + 11*z**2/2 + 62*z + 553. Give v(15).
2
Suppose 54*k - 55*k - 5 = 0, -4*k = 5*f + 40. Let j(o) = o**3 + 5*o**2 + 10*o + 14. Determine j(f).
-10
Let f(x) = x**3 + 28*x**2 + 27*x + 4. Let s be f(-27). Let i(m) = 4*m - m**2 - 3*m + 5*m + s - 8. Give i(5).
1
Let z(b) = b**3 + 8*b**2 + 11*b + 26. Let u be -3 + 1 + (-9 + -11 + 15)/1. What is z(u)?
-2
Let b(v) = v + 6. Suppose 2*l + 29 = 209. Let a be (-31)/5 - 72/l. Determine b(a).
-1
Let i(l) = -2*l - 12. Suppose 5*j = 8*j - 15. Suppose -16*f + j*f = 55. Let o be f*8*3/15. Give i(o).
4
Let i(s) = s**2 +